?
True
Is 45371129729 prime?
False
Is 1688544407 a composite number?
True
Is 1521032903 composite?
True
Is 827280191 composite?
False
Is 246181513 composite?
False
Is 133703773591 prime?
True
Is 24678361 a prime number?
True
Is 899235357 prime?
False
Is 4361060509 prime?
False
Is 23646825887 composite?
False
Is 118929007 prime?
False
Is 886485227 prime?
True
Is 426030373 composite?
False
Is 18515863739 composite?
True
Is 3222120221 a composite number?
True
Is 22738067351 prime?
True
Is 465469897 a composite number?
False
Is 427357873 a composite number?
True
Is 10639443751 a composite number?
False
Is 845627147 a composite number?
False
Is 1792920439 a prime number?
True
Is 5796979 composite?
True
Is 2076728189 a prime number?
True
Is 1162723351 prime?
True
Is 19533495259 prime?
True
Is 2348907811 a prime number?
False
Is 5664751021 a prime number?
True
Is 72273561497 prime?
False
Is 107078820853 composite?
True
Is 8425561217 prime?
True
Is 688252459 prime?
True
Is 5588793929 a prime number?
True
Is 2423154677 composite?
True
Is 6373601669 a prime number?
True
Is 5034912101 a composite number?
False
Is 1874452561 a prime number?
True
Is 1334139383 a prime number?
True
Is 94128840083 composite?
True
Is 866936489 a prime number?
True
Is 518826461 a composite number?
False
Is 1778479247 a composite number?
False
Is 34966941421 a composite number?
True
Is 12081084239 prime?
False
Is 42369268651 composite?
False
Is 13766188343 a prime number?
True
Is 1507446337 a composite number?
True
Is 1155973409 composite?
False
Is 8833687607 prime?
False
Is 88892417 a composite number?
True
Is 15128847427 composite?
True
Is 18278637259 prime?
True
Is 1004915697 composite?
True
Is 23256463 composite?
True
Is 318397847 a composite number?
True
Is 993722621 a composite number?
False
Is 235602571307 prime?
True
Is 5202961917 a prime number?
False
Is 6064602683 prime?
True
Is 3763793023 prime?
True
Is 2321152753 composite?
True
Is 2156758637 a composite number?
True
Is 28664057321 prime?
False
Is 14799601759 composite?
True
Is 60446534389 a composite number?
True
Is 5739661271 a prime number?
True
Is 31494163 prime?
False
Is 12087902591 a prime number?
True
Is 4300829179 a composite number?
True
Is 851066429 a composite number?
False
Is 24314529607 prime?
False
Is 24509549 composite?
True
Is 98407895953 prime?
True
Is 1429692883 a prime number?
False
Is 12969749063 a prime number?
False
Is 17378210957 composite?
False
Is 109156069639 a prime number?
True
Is 931831339 composite?
False
Is 10361847941 composite?
False
Is 2981858053 a prime number?
False
Is 841911891 a prime number?
False
Is 64543165 a composite number?
True
Is 15328896671 prime?
False
Is 1333314023 prime?
False
Is 240316541 a composite number?
True
Is 716475143 composite?
True
Is 45672233251 prime?
False
Is 2715323027 prime?
True
Is 628426399 a composite number?
False
Is 3686283371 composite?
True
Is 113258491079 a composite number?
False
Is 6797014589 a composite number?
True
Is 1741479491 a prime number?
False
Is 1597914391 a prime number?
True
Is 161371609639 composite?
False
Is 1185214127 a prime number?
False
Is 26025554585 a composite number?
True
Is 9227760217 composite?
True
Is 24313008653 composite?
False
Is 13828754167 a prime number?
False
Is 18957805787 a composite number?
True
Is 33384444269 a prime number?
False
Is 542730407 a composite number?
True
Is 8257961521 prime?
True
Is 95182177561 a prime number?
True
Is 4631288203 composite?
False
Is 16485214843 a prime number?
True
Is 31712801017 a composite number?
False
Is 2341431431 a prime number?
True
Is 609295273 a prime number?
True
Is 600280171 a composite number?
True
Is 7188456629 prime?
False
Is 497192594 a composite number?
True
Is 6254863 prime?
True
Is 227055449 a composite number?
True
Is 38422360573 a composite number?
True
Is 934675211 a composite number?
False
Is 26829291197 composite?
False
Is 13722037607 prime?
True
Is 460736381 prime?
False
Is 94668175703 a prime number?
True
Is 13755805837 composite?
True
Is 13718699017 a prime number?
True
Is 30144463109 a prime number?
True
Is 30816446767 composite?
False
Is 5624098573 prime?
True
Is 27477043871 a composite number?
False
Is 1710952041 composite?
True
Is 615150059 prime?
False
Is 1844443981 a prime number?
False
Is 499699679 a prime number?
False
Is 22266275377 a composite number?
False
Is 53940447649 composite?
True
Is 497650357 composite?
False
Is 164674210591 a composite number?
True
Is 1386616703 a composite number?
False
Is 148334933 composite?
False
Is 4264428433 a prime number?
True
Is 18026044777 a composite number?
True
Is 18174839279 a composite number?
True
Is 2874834497 a prime number?
True
Is 166909056527 prime?
True
Is 1794478969927 composite?
True
Is 36917767563 a prime number?
False
Is 276495343 composite?
False
Is 45676358749 a composite number?
True
Is 1620997363 a prime number?
False
Is 21639229 composite?
True
Is 12187201391 prime?
False
Is 4385150647 a prime number?
False
Is 8691641627 a composite number?
True
Is 38744361065 composite?
True
Is 3431889883 composite?
False
Is 14966430293 a composite number?
False
Is 9764942149 a prime number?
False
Is 296649659 composite?
False
Is 258735394 prime?
False
Is 9509066717 a composite number?
False
Is 10293002821 composite?
False
Is 1852807331 a composite number?
True
Is 6822036899 a composite number?
True
Is 799756051 prime?
False
Is 3807392579 a prime number?
True
Is 27357404345 composite?
True
Is 7788977491 composite?
False
Is 451686041 composite?
True
Is 126200583419 composite?
True
Is 6667849171 prime?
True
Is 7475479051 composite?
False
Is 413854253 composite?
False
Is 3983922203 composite?
False
Is 757593439 a prime number?
True
Is 3382719443 a composite number?
True
Is 5107921843 composite?
False
Is 44911323577 a prime number?
True
Is 9405728443 prime?
True
Is 18094043447 prime?
True
Is 2717658421 a composite number?
False
Is 4028939485 prime?
False
Is 443005373 a prime number?
False
Is 4095914939 a composite number?
True
Is 146244636533 prime?
False
Is 4301836619 prime?
False
Is 359985127 prime?
True
Is 91685288209 a composite number?
True
Is 20283704729 composite?
True
Is 7282617101 composite?
False
Is 66138079691 composite?
True
Is 3525814973 a composite number?
False
Is 4885421165 composite?
True
Is 7598611942 a prime number?
False
Is 858202699 prime?
True
Is 300144133 a composite number?
False
Is 61237143677 prime?
True
Is 2294258881 prime?
False
Is 94439249 a prime number?
True
Is 470459497 composite?
False
Is 55926180103 a composite number?
False
Is 20263723 prime?
True
Is 968500519 a prime number?
False
Is 675611597 a prime number?
False
Is 205528571 a composite number?
False
Is 1314041699 a prime number?
True
Is 3020599339 prime?
True
Is 5236009147 a composite number?
True
Is 26308432673 prime?
False
Is 161775429 a prime number?
False
Is 10292056847 composite?
True
Is 1064845711 a composite number?
True
Is 72304597039 prime?
True
Is 16422714521 composite?
False
Is 2075579273 prime?
False
Is 594810373 a composite number?
False
Is 879866539 a composite number?
False
Is 2421096719 prime?
True
Is 1106676971 prime?
False
Is 19330886021 a composite number?
True
Is 1034160349 a prime number?
True
Is 10100169797 a prime number?
True
Is 2616759731 composite?
True
Is 3467736453 a prime number?
False
Is 13407307 prime?
False
Is 24611135849 a composite number?
False
Is 2723199029 a composite number?
False
Is 1274872199 a composite number?
False
Is 3808818317 composite?
True
Is 1183628931 composite?
True
Is 1956957131 prime?
False
Is 2034757223 composite?
False
Is 1132231231 composite?
False
Is 30289201231 a prime number?
False
Is 3477572597 composite?
False
Is 123838079 composite?
True
Is 5627544106 a composite number?
True
Is 43349000803 a prime number?
True
Is 12002403731 composite?
False
Is 79781636777 prime?
False
Is 69471835801 composite?
False
Is 868829443 a composite number?
True
Is 1502226343 composite?
True
Is 173043551 a composite number?
True
Is 1457808853 prime?
True
Is 3716075359 a prime number?
False
Is 75263135767 prime?
True
Is 716824469 a prime number?
True
Is 934113157 a prime number?
True
Is 3879665807 composite?
True
Is 265304521 composite?
False
Is 108792795935 a prime number?
